r - 210. Determine y(51).
-6
Let i(u) = -3*u**3 + 20*u**2 - 10*u + 4. Give i(6).
16
Let g(j) = -162*j - 327. Calculate g(-2).
-3
Let k(b) = -132*b + 7532. Calculate k(57).
8
Let u(p) = -5*p**3 + 60*p**2 - 143*p + 58. Determine u(2).
-28
Let x(o) = 3*o**3 + 28*o**2 - 52*o + 32. What is x(-11)?
-1
Let h(q) = -20*q + 1001. Calculate h(48).
41
Let k(b) = 2*b**3 + 7*b**2 + 20*b + 9. Determine k(-4).
-87
Let m(q) = -22*q - 299. Calculate m(-4).
-211
Let p(m) = -71*m + 427. Determine p(6).
1
Let g(r) = -r**3 - 76*r**2 - 545*r - 34. Give g(-68).
34
Let r(w) = 5*w**2 + 209*w + 153. Give r(-41).
-11
Let i(r) = 32*r - 141. Determine i(4).
-13
Let l(x) = -221*x + 2642. Calculate l(12).
-10
Let k(u) = 28*u + 91. Calculate k(3).
175
Let h(r) = -r**3 + 11*r**2 + 41*r - 9. Calculate h(14).
-23
Let p(o) = 115*o**2 - 563*o + 6. Calculate p(5).
66
Let m(n) = -367*n - 21647. Determine m(-59).
6
Let d(s) = -1624*s + 19474. Give d(12).
-14
Let h(v) = v**3 + 31*v**2 + 150*v + 87. Calculate h(-25).
87
Let u(r) = 8*r**2 + 145*r + 619. Determine u(-6).
37
Let b(x) = 7*x**2 - 159*x - 52. Calculate b(23).
-6
Let q(o) = -o**3 + 6*o**2 + 38*o - 189. Calculate q(4).
-5
Let d(z) = -10*z**2 + 327*z + 90. What is d(33)?
-9
Let u(y) = 24*y**2 + 416*y + 1496. Determine u(-5).
16
Let d(i) = i**3 + 11*i**2 + 11*i. Give d(-10).
-10
Let o(f) = -2*f**2 + 31*f - 31. Give o(15).
-16
Let d(y) = 37*y - 666. Determine d(21).
111
Let n(w) = 30*w + 1421. Determine n(-36).
341
Let c(z) = 908*z**2 + 30*z - 30. Give c(1).
908
Let x(z) = -227*z**2 + 29*z - 1. Determine x(2).
-851
Let q(d) = -3*d**2 + 77*d + 116. What is q(27)?
8
Let x(t) = -13*t + 243. What is x(12)?
87
Let z(p) = 67*p - 72. Determine z(3).
129
Let l(v) = 4*v**2 + 11*v - 133. Determine l(-10).
157
Let q(p) = -22*p + 60. Calculate q(7).
-94
Let o(h) = 28*h**2 - 617*h + 26. Determine o(22).
4
Let o(w) = 5*w**2 - 87*w + 299. What is o(17)?
265
Let y(d) = -5*d**2 - 87*d + 53. What is y(-18)?
-1
Let z(p) = -3*p**2 + 9*p + 43. Calculate z(14).
-419
Let v(r) = r**3 + 8*r**2 + 12*r + 13. Determine v(-5).
28
Let j(h) = 13*h**2 + 27*h + 22. What is j(-1)?
8
Let o(l) = l**3 + 20*l**2 - 45*l - 5. What is o(-22)?
17
Let g(i) = 152*i - 1732. Give g(11).
-60
Let s(t) = -6*t**2 - 55*t - 12. Give s(-7).
79
Let o(g) = -9*g**2 - 62*g - 18. Calculate o(-7).
-25
Let p(v) = v**2 - 2047*v + 8185. Determine p(4).
13
Let l(u) = -30*u + 603. What is l(19)?
33
Let c(g) = -1168*g - 2199. Calculate c(-2).
137
Let x(o) = -2*o**2 - 308*o - 1539. What is x(-5)?
-49
Let h(a) = a**2 + 3*a + 4. Determine h(-3).
4
Let p(w) = w**2 - 1065*w + 164187. Determine p(187).
1
Let u(c) = c**3 + 5*c**2 - 2*c + 5. What is u(3)?
71
Let z(c) = 11*c**3 + 54*c**2 - c + 16. What is z(-5)?
-4
Let w(k) = k**3 - 16*k**2 - 83*k + 1332. Determine w(16).
4
Let g(a) = 2*a**3 + 8*a**2 - 754*a - 4381. Give g(-6).
-1
Let s(y) = -3*y**2 + 258*y - 261. Determine s(85).
-6
Let m(s) = -45*s**2 + 130*s + 2. Calculate m(3).
-13
Let h(q) = -2*q**3 + 12*q**2 + 21*q - 185. Determine h(9).
-482
Let s(j) = -39*j + 107. Give s(3).
-10
Let x(b) = -122*b**2 + 2075*b - 24. Give x(17).
-7
Let n(g) = -109*g + 19296. What is n(177)?
3
Let t(q) = 1142*q + 5734. Determine t(-5).
24
Let s(m) = -m**2 + 53*m - 349. Calculate s(24).
347
Let i(g) = g**3 - 14*g**2 + 9*g + 43. Give i(13).
-9
Let v(o) = 4413*o + 22060. Determine v(-5).
-5
Let c(w) = -35*w - 3449. Give c(-98).
-19
Let l(s) = -s**3 + 17*s**2 - 13*s - 15. Give l(15).
240
Let v(h) = h**3 - 13*h**2 + 11*h - 46. Give v(14).
304
Let j(l) = 2*l**2 + 24*l + 56. Calculate j(-14).
112
Let n(d) = 46*d**2 + 189*d + 24. Give n(-4).
4
Let k(f) = -3*f**3 + 12*f**2 - 14*f + 6. Give k(3).
-9
Let p(s) = -3*s**3 + 102*s**2 - 74. What is p(34)?
-74
Let z(u) = 4*u**3 + 13*u**2 - 3*u + 12. Calculate z(-5).
-148
Let c(t) = -t**2 + 11*t + 1697. Determine c(47).
5
Let g(m) = 30*m**2 + 25*m - 7. Calculate g(-3).
188
Let w(v) = -v**3 + 37*v**2 + 64*v - 900. What is w(38)?
88
Let r(l) = 6660*l + 19985. Give r(-3).
5
Let i(n) = n**3 - 7*n**2 - 141*n + 49. Give i(16).
97
Let f(r) = -r**2 - 116*r - 1276. Determine f(-104).
-28
Let q(c) = c**2 + 1188*c + 15420. Determine q(-13).
145
Let j(f) = f**3 - 78*f**2 + 46*f + 2381. Give j(77).
-6
Let v(d) = -29*d**2 + 808*d + 2831. Give v(31).
10
Let x(b) = 39*b - 583. What is x(16)?
41
Let h(c) = c**3 - 56*c**2 + 707*c - 157. Give h(37).
-9
Let c(v) = -v**3 + 81*v**2 - 85*v + 18. Give c(80).
-382
Let h(u) = u**2 - 188*u - 3707. Calculate h(-18).
1
Let o(r) = r**3 + 2*r**2 + 12*r + 12. What is o(-1)?
1
Let b(p) = p**2 - 92*p + 12. What is b(92)?
12
Let h(a) = -19*a - 1166. Give h(-59).
-45
Let v(h) = h**3 - 7*h**2 - 25*h + 5. Determine v(-3).
-10
Let f(r) = -r**2 + 354*r - 5078. Give f(15).
7
Let n(u) = -u**3 - 112*u**2 + 112*u - 61. Determine n(-113).
52
Let a(t) = -50*t - 1517. Calculate a(-26).
-217
Let h(t) = -t**3 + 16*t**2 - 61*t - 2. What is h(9)?
16
Let q(f) = 40*f + 5367. Give q(-134).
7
Let w(i) = i**3 + 2*i**2 + 11*i + 6. Calculate w(-4).
-70
Let q(t) = -t**3 + 6*t**2 + 25*t - 18. Calculate q(-5).
132
Let q(m) = 2*m**3 + 49*m**2 + 290*m + 70. Determine q(-9).
-29
Let p(t) = -t**2 - 5*t + 595. What is p(-27)?
1
Let m(v) = -2*v**3 - 61*v**2 - 27*v + 93. Give m(-30).
3
Let i(c) = -c**2 - 26*c - 204. Determine i(-21).
-99
Let s(x) = -388*x - 2459. Determine s(-6).
-131
Let p(f) = f**3 + 14*f**2 - 30*f - 81. Calculate p(-15).
144
Let n(o) = -38386*o + 345468. Calculate n(9).
-6
Let h(t) = 420*t + 5492. Determine h(-13).
32
Let t(a) = -8*a + 172. What is t(20)?
12
Let z(u) = 52*u - 26. Calculate z(-4).
-234
Let j(u) = u**3 + 35*u**2 - 80*u - 225. Calculate j(-37).
-3
Let n(u) = -241*u - 485. Give n(-2).
-3
Let m(f) = f**3 + 26*f**2 + 95*f + 1129. Determine m(-24).
1
Let t(b) = -b**2 - 22*b - 15. Calculate t(-12).
105
Let m(b) = -3*b**2 + 11*b - 38. Determine m(9).
-182
Let c(s) = 2*s**3 + 246*s**2 + 45*s + 5522. Determine c(-123).
-13
Let s(k) = 2*k**2 - 299*k + 421. Give s(148).
-23
Let m(c) = -456*c - 3651. Calculate m(-8).
-3
Let w(j) = j**3 + 98*j**2 - 148*j + 5215. Calculate w(-100).
15
Let l(v) = -v**3 - 36*v**2 - 155*v - 1. Determine l(-31).
-1
Let w(o) = -4*o**2 + 63*o + 129. Determine w(-2).
-13
Let p(f) = -f**3 + 37*f**2 - 258*f + 162. What is p(28)?
-6
Let f(r) = 133*r**2 + 868*r - 868. What is f(1)?
133
Let a(m) = 223*m - 377. Give a(3).
292
Let j(m) = m**3 - 40*m**2 + 663*m - 6705. Give j(24).
-9
Let h(w) = -2*w**3 - 160*w**2 - 3184*w - 69. Give h(-37).
5
Let k(p) = p**2 + 3*p + 29. Give k(9).
137
Let v(f) = -3*f**2 + 176*f + 1168. Determine v(-6).
4
Let f(q) = 22*q - 93. Give f(-4).
-181
Let f(l) = l**2 + 28*l - 388. Give f(-38).
-8
Let g(q) = 20*q + 128. Determine g(16).
448
Let r(n) = -2*n**3 - 22*n**2 - 21*n + 47. Determine r(-9).
-88
Let f(h) = -73*h + 372. What is f(5)?
7
Let b(x) = 2*x**3 - 92*x**2 + 481*x - 26. Calculate b(40).
14
Let k(x) = -x**2 - 40*x - 291. Give k(-16).
93
Let b(t) = -3*t**2 + 33*t - 88. What is b(10)?
-58
Let v(p) = -4*p**3 + 6*p**2 + 34*p + 177. What is v(-5)?
657
Let i(n) = -441*n + 6. Give i(0).
6
Let l(i) = i**2 + 6*i + 3. Give l(-1).
-2
Let v(j) = 4*j**3 - 10*j**2 - 3*j + 18. Determine v(2).
4
Let l(s) = s**3 - 13*s**2 - s - 177. Give l(14).
5
Let q(s) = 180*s**2 - 6*s + 6. Determine q(1).
180
Let t(o) = -61*o + 1597. Give t(26).
11
Let u(y) = y**3 + 12*y**2 - 188*y - 2198. Calculate u(-11).
-9
Let a(c) = 20*c**2 + 607*c + 208. What is a(-30)?
-2
Let j(z) = 11*z + 116. Determine j(-3).
83
Let n(g) = 16*g - 6. Give n(-10).
-166
Let a(l) = -l**3 - l**2 + 840*l + 4177. Calculate a(-5).
77
Let h(t) = -t**3 - 24*t**2 - 40*t + 95. What is h(-22)?
7
Let z(p) = 71*p**2 - 720*p + 9. What is z(10)?
-91
Let l(y) = -16*y + 1462. Calculate l(92).
-10
Let k(b) = b**2 + 178*b + 4071. Calculate k(-27).
-6
Let i(j) = 435*j + 4593. Give i(-10).
243
Let k(j) = j**3 + 74*j**2 - 81*j - 442. Give k(-75).
8
Let n(z) = -250*z - 40525. Give n(-162).
-25
Let v(o) = o**2 - 20*o - 72. Determine v(12).
-168
Let u(m) = 25*m**2 + 409*m + 174. Determine u(-16).
30
Let i(x) = 2297*x - 6884. What is i(3)?
7
Let v(d) = 2*d**3 - 62*d**2 + 7*d - 124. Give v(31).
93
Let b(k) = k**2 - 70*k + 922. What is b(53)?
21
Let j(t) = -t**3 + 74*t**2 - 1331*t - 92. Calculate j(43).
-6
Let y(j) = -7*j**3 - 36*j**2 - 8*j - 13. Determ